base 2, what is 100 - -1101001100100101011100?
1101001100100101100000
In base 16, what is 25e - -1981?
1bdf
In base 8, what is 70 - 14641354?
-14641264
In base 3, what is 101211002202021 - -2?
101211002202100
In base 14, what is 1219d + 22a9?
14468
In base 16, what is 2 + 36764f1?
36764f3
In base 16, what is 60 - -41?
a1
In base 2, what is 11100010110 - -10000011001010?
10011111100000
In base 8, what is -34 + 16206720?
16206664
In base 6, what is -11511 - 21125?
-33040
In base 13, what is -66c66812 + 2?
-66c66810
In base 3, what is 100002120011 - 201?
100002112110
In base 3, what is 20002 - 1102201211?
-1102111202
In base 15, what is 1935 - 712?
1223
In base 2, what is 101011000 - -1010000100011110010?
1010000101001001010
In base 3, what is -122010022001000222 + 0?
-122010022001000222
In base 12, what is -15 + 1833?
181a
In base 6, what is -3501 + -5345?
-13250
In base 10, what is -5 - -101252059?
101252054
In base 2, what is 11000111011 + 101010110010000011?
101011001010111110
In base 11, what is 1371 - -2aa86?
31347
In base 9, what is -12116822 - -17?
-12116804
In base 9, what is 540 + -1835?
-1285
In base 13, what is 115ca2 - a8?
115bc7
In base 7, what is -316115 + 63010?
-223105
In base 5, what is -20000122 + -13?
-20000140
In base 4, what is 130 + -22020221?
-22020031
In base 8, what is 1746133 - 3?
1746130
In base 7, what is 11150531 + -256?
11150242
In base 6, what is 30425412250 - 4?
30425412242
In base 16, what is 4244 - -228d?
64d1
In base 8, what is -601723600 - 4?
-601723604
In base 4, what is 122 + -23123223233?
-23123223111
In base 8, what is 11121 + 5346?
16467
In base 5, what is 40 - -314312301?
314312341
In base 9, what is -12331 - -1254?
-11066
In base 15, what is 5d04c59 + -9?
5d04c50
In base 13, what is 3 - -b76a49?
b76a4c
In base 5, what is -11041323 - -13?
-11041310
In base 10, what is -136629542 + 0?
-136629542
In base 16, what is 246 - 10ed9?
-10c93
In base 7, what is -600 + -33410055?
-33410655
In base 6, what is -34152210202 - 0?
-34152210202
In base 14, what is c1559d6 - -3?
c1559d9
In base 5, what is 2121440 + 2401?
2124341
In base 9, what is 135660843 + 2?
135660845
In base 6, what is 42023 + -332?
41251
In base 15, what is -1a + -5d41c7?
-5d41e2
In base 16, what is -f6b - -eb0?
-bb
In base 10, what is 45160 + -2873?
42287
In base 3, what is -110202 - -122011122020?
122011011111
In base 2, what is -10011110000001110 + -1100101?
-10011110001110011
In base 7, what is -5016 - 244401?
-252420
In base 3, what is -11 + -100002121000022220?
-100002121000100001
In base 12, what is -1341a4b + 76?
-1341995
In base 11, what is 642330 - -6?
642336
In base 3, what is -1000010 + 200110100?
122110020
In base 12, what is -471 - -b429?
ab78
In base 11, what is -117 - -119a119?
119a002
In base 3, what is -10 - -110101000020000?
110101000012220
In base 10, what is 27224 + -30257?
-3033
In base 3, what is -121 + 1000221211011?
1000221210120
In base 3, what is -10 + 2211011011020?
2211011011010
In base 7, what is 4013 + 4352421?
4356434
In base 10, what is 1639 + -48986?
-47347
In base 13, what is -121b505 - 14?
-121b519
In base 8, what is 3 + 1514560351?
1514560354
In base 11, what is 36 + 167536?
167571
In base 14, what is c6 + -1a85d?
-1a777
In base 2, what is 10100000100011100001010 - -10011?
10100000100011100011101
In base 14, what is 2db + -29b?
40
In base 16, what is 3 + dcaf2?
dcaf5
In base 12, what is -3363 - 2ab9?
-6260
In base 3, what is 1200122220001 - -12?
1200122220020
In base 13, what is 27532ca + -2?
27532c8
In base 15, what is -10974 + -40e?
-10d83
In base 12, what is -161 - -a471?
a310
In base 9, what is -3866 - 15802?
-20768
In base 14, what is 4 + 84a4d4?
84a4d8
In base 12, what is -2 + -503bb25?
-503bb27
In base 16, what is -1ef340 + -19?
-1ef359
In base 6, what is 352 - -13150352?
13151144
In base 11, what is 49a583 + 828?
4a0300
In base 6, what is 4 + -1001424001?
-1001423553
In base 13, what is -a39460 - 0?
-a39460
In base 10, what is 192612 - -454?
193066
In base 3, what is -11 + -122122102001221?
-122122102002002
In base 10, what is -3 - -12420258?
12420255
In base 13, what is 54 + 158a97?
158b1b
In base 9, what is -26517526 + -3?
-26517530
In base 4, what is 11231 - -223123303?
223201200
In base 3, what is 22210200 + -11211?
22121212
In base 10, what is 12112646 + -15?
12112631
In base 9, what is 1877216 + -184?
1877022
In base 10, what is -128 - 125013?
-125141
In base 5, what is -23 + 113411413?
113411340
In base 15, what is 23 + 36975?
36998
In base 10, what is 35138404 + -2?
35138402
In base 12, what is 5 + 286843?
286848
In base 4, what is -23 + -31030112022?
-31030112111
In base 11, what is 40 - -17894970?
17894a00
In base 2, what is 1100100 + 11101011001001010011?
11101011001010110111
In base 12, what is 38 - 2811256?
-281121a
In base 14, what is 9b8 + a30?
1608
In base 5, what is 1220334204000 + -10?
1220334203440
In base 9, what is -408 + 1225768?
1225360
In base 16, what is d4 + fe29?
fefd
In base 12, what is 2 + -58b590?
-58b58a
In base 6, what is 5 + 103255545?
103255554
In base 7, what is 151 - 124105335?
-124105154
In base 4, what is -3 + 3021311103123?
3021311103120
In base 12, what is -b7 - -47329?
47232
In base 7, what is 61553 + -2362?
56161
In base 7, what is 620323 - 133?
620160
In base 4, what is 20311 + -2232002203?
-2231321232
In base 16, what is -a141d - 4?
-a1421
In base 5, what is -30 - 402202233?
-402202313
In base 5, what is 2043 - -12401144?
12403242
In base 12, what is 2b66b53 - -1?
2b66b54
In base 3, what is -1011221002022212221 + 1?
-1011221002022212220
In base 16, what is 38ea - -366d?
6f57
In base 15, what is -c7 + b7463?
b738b
In base 16, what is c544a + -14?
c5436
In base 3, what is -1021 + -111102110112?
-111102111210
In base 15, what is -683 + 319a?
2a17
In base 10, what is 5 - 2045555?
-2045550
In base 4, what is -223221331100113 + -3?
-223221331100122
In base 15, what is -cdc + -398?
-1185
In base 5, what is -12 + -3224131?
-3224143
In base 13, what is 17 - -4012?
4029
In base 14, what is -704 + -10395?
-10a99
In base 4, what is -1121013310131 - 0?
-1121013310131
In base 8, what is -511121046 - -1?
-511121045
In base 15, what is -7cc - -2660?
1d83
In base 10, what is -2170 + 846?
-1324
In base 15, what is -29d834 + 2?
-29d832
In base 8, what is -1461061 + -1515?
-1462576
In base 12, what is 375464 - -5?
375469
In base 16, what is -76e - -f0d5?
e967
In base 11, what is -4 + -2646456?
-264645a
In base 14, what is 21b - -2329?
2546
In base 14, what is -6 + a4c7116?
a4c7110
In base 11, what is -57620 + 173?
-57458
In base 13, what is -283759 - 4?
-283760
In base 14, what is 3a + -9c0779?
-9c073d
In base 11, what is 0 + -935781a?
-935781a
In base 15, what is -14c5168 + -3?
-14c516b
In base 2, what is -10 + -10011101011100110101000101?
-10011101011100110101000111
In base 5, what is 10344124 + -11401?
10332223
In base 6, what is 250422 + 1143?
252005
In base 12, what is 4 - -6744124?
6744128
In base 8, what is 10272 + 710?
11202
In base 7, what is -202215 - -432?
-201453
In base 14, what is 185 + -653b1?
-6522a
In base 16, what is -90 - 5e245?
-5e2d5
In base 11, what is 5 + 1649010?
1649015
In base 4, what is 2323 - -1123120110?
1123123033
In base 2, what is 11011101110111110001 + 110?
11011101110111110111
In base 7, what is 51601353 - 1?
51601352
In base 16, what is 89 - 40245b?
-4023d2
In base 15, what is -e166a - -4?
-e1666
In base 8, what is 605746 + -1157?
604567
In base 10, what is 4 - -90303666?
90303670
In base 4, what is 12323203 - 12003?
12311200
In base 3, what is 20222002112 - 101210?
20221200202
In base 11, what is 5 + 198018?
198022
In base 2, what is -11011 + 10001001111010101010110001?
10001001111010101010010110
In base 10, what is 122 + 91270?
91392
In base 5, what is -30 - 1300414431?
-1300420011
In base 7, what is 13324 + 4326?
20653
In base 13, what is 0 - -148a96?
148a96
In base 7, what is 33360 + -154206?
-120516
In base 9, what is 2 - -100768142?
100768144
In base 3, what is -1010111111 - -20002011?
-220102100
In base 16, what is -16bc2 + a?
-16bb8
In base 9, what is -274 - -203666?
203382
In base 14, what is 1861 - 2641?
-bc0
In base 13, what is -15663 - -893?
-14aa0
In base 9, what is 186474 + 247?
186732
In base 12, what is -2bb18 - -10?
-2bb08
I